{"id":15,"date":"2024-09-23T14:12:42","date_gmt":"2024-09-23T14:12:42","guid":{"rendered":"https:\/\/marollarbres.org\/?page_id=15"},"modified":"2025-04-14T13:31:35","modified_gmt":"2025-04-14T13:31:35","slug":"home","status":"publish","type":"page","link":"https:\/\/marollarbres.org\/","title":{"rendered":"Home"},"content":{"rendered":"\n<p class=\"has-text-align-center has-large-font-size\"><\/p>\n\n\n<h3 style=\"text-align: center;\">MarollArbres est un collectif apolitique qui \u0153uvre pour la pr\u00e9servation et le d\u00e9veloppement des arbres \u00e0 Marolles-en-Hurepoix.<\/h3>\n\n\n<div class=\"wp-block-cover\" style=\"min-height:768px;aspect-ratio:unset;\"><span aria-hidden=\"true\" class=\"wp-block-cover__background has-background-dim\"><\/span><img decoding=\"async\" width=\"900\" height=\"649\" class=\"wp-block-cover__image-background wp-image-11 lazyload\" alt=\"avenue Charles de Gaule Marolles en Hurepoix avant l'abattage de dizaine de platanes\" data-src=\"https:\/\/marollarbres.org\/wp-content\/uploads\/2024\/09\/Av-CHDG.jpg\" data-object-fit=\"cover\" data-srcset=\"https:\/\/marollarbres.org\/wp-content\/uploads\/2024\/09\/Av-CHDG.jpg 900w, https:\/\/marollarbres.org\/wp-content\/uploads\/2024\/09\/Av-CHDG-300x216.jpg 300w, https:\/\/marollarbres.org\/wp-content\/uploads\/2024\/09\/Av-CHDG-768x554.jpg 768w\" data-sizes=\"(max-width: 900px) 100vw, 900px\" src=\"data:image\/gif;base64,R0lGODlhAQABAAAAACH5BAEKAAEALAAAAAABAAEAAAICTAEAOw==\" style=\"--smush-placeholder-width: 900px; --smush-placeholder-aspect-ratio: 900\/649;\" \/><div class=\"wp-block-cover__inner-container is-layout-flow wp-block-cover-is-layout-flow\">\n<p class=\"has-text-align-center has-light-green-cyan-color has-text-color has-link-color has-large-font-size wp-elements-3a891314ffdfa46061c088d0753c56e4\">Avenue Charles de Gaulle, <br>43 platanes abattus en 20 ans <br>et une centaine dans le reste de la ville <br>ces deux derni\u00e8res ann\u00e9es.<\/p>\n<\/div><\/div>\n\n\n\n<p>&nbsp;<\/p>\n\n\n\n<p>&nbsp;<\/p>\n\n\n\n<p><\/p>\n","protected":false},"excerpt":{"rendered":"<p>MarollArbres est un collectif apolitique qui \u0153uvre pour la pr\u00e9servation et le d\u00e9veloppement des arbres \u00e0 Marolles-en-Hurepoix. &nbsp; &nbsp;<\/p>\n","protected":false},"author":1,"featured_media":0,"parent":0,"menu_order":0,"comment_status":"closed","ping_status":"closed","template":"","meta":{"footnotes":""},"class_list":["post-15","page","type-page","status-publish","hentry"],"_links":{"self":[{"href":"https:\/\/marollarbres.org\/index.php\/wp-json\/wp\/v2\/pages\/15","targetHints":{"allow":["GET"]}}],"collection":[{"href":"https:\/\/marollarbres.org\/index.php\/wp-json\/wp\/v2\/pages"}],"about":[{"href":"https:\/\/marollarbres.org\/index.php\/wp-json\/wp\/v2\/types\/page"}],"author":[{"embeddable":true,"href":"https:\/\/marollarbres.org\/index.php\/wp-json\/wp\/v2\/users\/1"}],"replies":[{"embeddable":true,"href":"https:\/\/marollarbres.org\/index.php\/wp-json\/wp\/v2\/comments?post=15"}],"version-history":[{"count":28,"href":"https:\/\/marollarbres.org\/index.php\/wp-json\/wp\/v2\/pages\/15\/revisions"}],"predecessor-version":[{"id":527,"href":"https:\/\/marollarbres.org\/index.php\/wp-json\/wp\/v2\/pages\/15\/revisions\/527"}],"wp:attachment":[{"href":"https:\/\/marollarbres.org\/index.php\/wp-json\/wp\/v2\/media?parent=15"}],"curies":[{"name":"wp","href":"https:\/\/api.w.org\/{rel}","templated":true}]}}

<p class="has-text-align-center has-large-font-size"></p>


<h3 style="text-align: center;">MarollArbres est un collectif apolitique qui œuvre pour la préservation et le développement des arbres à Marolles-en-Hurepoix.</h3>


<div class="wp-block-cover" style="min-height:768px;aspect-ratio:unset;"><span aria-hidden="true" class="wp-block-cover__background has-background-dim"></span><img decoding="async" width="900" height="649" class="wp-block-cover__image-background wp-image-11 lazyload" alt="avenue Charles de Gaule Marolles en Hurepoix avant l'abattage de dizaine de platanes" data-src="https://marollarbres.org/wp-content/uploads/2024/09/Av-CHDG.jpg" data-object-fit="cover" data-srcset="https://marollarbres.org/wp-content/uploads/2024/09/Av-CHDG.jpg 900w, https://marollarbres.org/wp-content/uploads/2024/09/Av-CHDG-300x216.jpg 300w, https://marollarbres.org/wp-content/uploads/2024/09/Av-CHDG-768x554.jpg 768w" data-sizes="(max-width: 900px) 100vw, 900px" src="data:image/gif;base64,R0lGODlhAQABAAAAACH5BAEKAAEALAAAAAABAAEAAAICTAEAOw==" style="--smush-placeholder-width: 900px; --smush-placeholder-aspect-ratio: 900/649;" /><div class="wp-block-cover__inner-container is-layout-flow wp-block-cover-is-layout-flow">
<p class="has-text-align-center has-light-green-cyan-color has-text-color has-link-color has-large-font-size wp-elements-3a891314ffdfa46061c088d0753c56e4">Avenue Charles de Gaulle, <br>43 platanes abattus en 20 ans <br>et une centaine dans le reste de la ville <br>ces deux dernières années.</p>
</div></div>



<p>&nbsp;</p>



<p>&nbsp;</p>



<p></p>

<p>MarollArbres est un collectif apolitique qui œuvre pour la préservation et le développement des arbres à Marolles-en-Hurepoix. &nbsp; &nbsp;</p>
