{"id":183,"date":"2024-10-08T17:20:13","date_gmt":"2024-10-08T17:20:13","guid":{"rendered":"https:\/\/marollarbres.org\/?page_id=183"},"modified":"2024-10-23T13:34:22","modified_gmt":"2024-10-23T13:34:22","slug":"guides-et-conseils-arbres-travaux","status":"publish","type":"page","link":"https:\/\/marollarbres.org\/index.php\/guides-et-conseils-arbres-travaux\/","title":{"rendered":"Les arbres pendant les travaux"},"content":{"rendered":"<h1>Guides<\/h1>\n<h3>Arbres en milieu urbain, guide de mise en \u0153uvre, guide complet<\/h3>\n<p><a href=\"https:\/\/marollarbres.org\/wp-content\/uploads\/2024\/10\/Arbres-en-milieu-urbain-news-27234-arbres-ville-1.pdf\">Arbres-en-milieu-urbain-news-arbres-ville<\/a><\/p>\n<h3>\u00c9dit\u00e9 par la ville de Nantes, guide de protection des arbres en phase chantier<\/h3>\n<p><a href=\"https:\/\/marollarbres.org\/wp-content\/uploads\/2024\/10\/guide-espaces-verts.pdf\">guide-espaces-verts<\/a><\/p>\n<h3>\u00c9dit\u00e9 par la ville de Montpellier, protection des racines<span class=\"fontstyle0\"> : ex\u00e9cution des terrassements et remblaiements.<\/span><\/h3>\n<p><a href=\"https:\/\/marollarbres.org\/wp-content\/uploads\/2024\/10\/Montpellier-Protection-des-racines-terrassement.pdf\">Montpellier-Protection-des-racines-terrassement<\/a><\/p>\n<h3><span class=\"fontstyle0\">Du syst\u00e8me racinaire des arbres lors des travaux de terrassement<\/span><\/h3>\n<p><a href=\"https:\/\/marollarbres.org\/wp-content\/uploads\/2024\/10\/la-protection-du-systeme-racinaire.pdf\">la-protection-du-systeme-racinaire<\/a><\/p>\n<h3><span class=\"fontstyle0\">Protocole Plantations En Site Op\u00e9rationnel Sensible (PESOS) \u00e9dit\u00e9 par Nantes M\u00e9tropole\u00a0<\/span><\/h3>\n<p><a href=\"https:\/\/marollarbres.org\/wp-content\/uploads\/2024\/10\/guide-pesos.pdf\">guide-pesos<\/a><\/p>\n<h3><span class=\"fontstyle0\">Protocole pour la cohabitation des arbres et des r\u00e9seaux<\/span><\/h3>\n<p><a href=\"https:\/\/marollarbres.org\/wp-content\/uploads\/2024\/10\/GL-protocole-cohabitation-arbres-reseaux.pdf\">GL-protocole-cohabitation-arbres-reseaux<\/a><\/p>\n<h3><span class=\"fontstyle0\">Guide de pr\u00e9servation des arbres dans le cadre de travaux<\/span> \u00e9dit\u00e9 par la ville d&rsquo;Orl\u00e9ans<\/h3>\n<p><a href=\"https:\/\/marollarbres.org\/wp-content\/uploads\/2024\/10\/Livret_protection_des_arbres.pdf\">Livret_protection_des_arbres<\/a><\/p>\n<h3>Prospectus de la soci\u00e9t\u00e9 MTS (en allemand), le prospectus montre des photos de chantiers avec des excavatrices \u00e0 aspiration, machine permettant de pr\u00e9server les racines.<\/h3>\n<p><a href=\"https:\/\/marollarbres.org\/wp-content\/uploads\/2024\/10\/MTS-Brosch-Wurzelschutz_quer_2023-04_web_V1.pdf\">MTS-Brosch-Wurzelschutz_quer_2023-04_web_V1<\/a><\/p>\n\n\n<p><\/p>\n","protected":false},"excerpt":{"rendered":"<p>Guides Arbres en milieu urbain, guide de mise en \u0153uvre, guide complet Arbres-en-milieu-urbain-news-arbres-ville \u00c9dit\u00e9 par la ville de Nantes, guide [&hellip;]<\/p>\n","protected":false},"author":1,"featured_media":0,"parent":0,"menu_order":0,"comment_status":"closed","ping_status":"closed","template":"","meta":{"footnotes":""},"class_list":["post-183","page","type-page","status-publish","hentry"],"_links":{"self":[{"href":"https:\/\/marollarbres.org\/index.php\/wp-json\/wp\/v2\/pages\/183","targetHints":{"allow":["GET"]}}],"collection":[{"href":"https:\/\/marollarbres.org\/index.php\/wp-json\/wp\/v2\/pages"}],"about":[{"href":"https:\/\/marollarbres.org\/index.php\/wp-json\/wp\/v2\/types\/page"}],"author":[{"embeddable":true,"href":"https:\/\/marollarbres.org\/index.php\/wp-json\/wp\/v2\/users\/1"}],"replies":[{"embeddable":true,"href":"https:\/\/marollarbres.org\/index.php\/wp-json\/wp\/v2\/comments?post=183"}],"version-history":[{"count":16,"href":"https:\/\/marollarbres.org\/index.php\/wp-json\/wp\/v2\/pages\/183\/revisions"}],"predecessor-version":[{"id":352,"href":"https:\/\/marollarbres.org\/index.php\/wp-json\/wp\/v2\/pages\/183\/revisions\/352"}],"wp:attachment":[{"href":"https:\/\/marollarbres.org\/index.php\/wp-json\/wp\/v2\/media?parent=183"}],"curies":[{"name":"wp","href":"https:\/\/api.w.org\/{rel}","templated":true}]}}