{"id":195,"date":"2024-10-08T17:41:05","date_gmt":"2024-10-08T17:41:05","guid":{"rendered":"https:\/\/marollarbres.org\/?page_id=195"},"modified":"2024-12-21T17:32:32","modified_gmt":"2024-12-21T17:32:32","slug":"plu","status":"publish","type":"page","link":"https:\/\/marollarbres.org\/index.php\/plu\/","title":{"rendered":"Plan Local d&rsquo;Urbanisme"},"content":{"rendered":"<h2><span class=\"fontstyle0\">Dossier approuv\u00e9 en Conseil Municipal du 4 Juillet 2013<\/span><\/h2>\n<p>Rapport de pr\u00e9sentation :<br \/><a href=\"https:\/\/marollarbres.org\/wp-content\/uploads\/2024\/10\/1-rp-partie1.pdf\">1-rp-partie1<\/a><\/p>\n<p>\u00c9tat initial de l\u2019environnement :<br \/><a href=\"https:\/\/marollarbres.org\/wp-content\/uploads\/2024\/10\/1-rp-partie2.pdf\">1-rp-partie2<\/a><\/p>\n<p><span class=\"fontstyle0\">Justification des choix retenus et des dispositions du PLU :<br \/><\/span><span class=\"fontstyle0\"><a href=\"https:\/\/marollarbres.org\/wp-content\/uploads\/2024\/10\/1-rp-partie3et4.pdf\">1-rp-partie3et4<\/a><\/span><\/p>\n<p><span class=\"fontstyle0\">Projet d\u2019Am\u00e9nagement et de D\u00e9veloppement Durables<br \/><\/span><a href=\"https:\/\/marollarbres.org\/wp-content\/uploads\/2024\/10\/2-padd.pdf\">2-padda<\/a><\/p>\n<p><span class=\"fontstyle0\">Orientations d\u2019Am\u00e9nagement et de Programmation<br \/><\/span><a href=\"https:\/\/marollarbres.org\/wp-content\/uploads\/2024\/10\/3-orientations-amgt-et-programmation.pdf\">3-orientations-amgt-et-programmation<\/a><\/p>\n<p><span class=\"fontstyle0\">R\u00c8GLEMENT GRAPHIQUE<\/span><br \/><a href=\"https:\/\/marollarbres.org\/wp-content\/uploads\/2024\/10\/4-reglement-pieces-graphiques.pdf\">4-reglement-pieces-graphiques<\/a><\/p>\n<p><span class=\"fontstyle0\">ANNEXES SANITAIRES<br \/><\/span><a href=\"https:\/\/marollarbres.org\/wp-content\/uploads\/2024\/10\/7-annexes-sanitaires.pdf\">7-annexes-sanitaires<\/a><\/p>\n<p><span class=\"fontstyle0\">ANNEXES DIVERSES<\/span><br \/><a href=\"https:\/\/marollarbres.org\/wp-content\/uploads\/2024\/10\/8-annexes-diverses.pdf\">8-annexes-diverses<\/a><\/p>\n<h2>Mise \u00e0 jour du PLU 14\/2\/2018 secteur gare<\/h2>\n<p><a href=\"https:\/\/marollarbres.org\/wp-content\/uploads\/2024\/10\/mise-jour-plu-2018-perimetre-secteur-gare.pdf\">mise-jour-plu-2018-perimetre-secteur-gare<\/a><\/p>\n<h2>R\u00e9union publique du 29\/2\/2024 projet r\u00e9vision du PLU<\/h2>\n<p><a href=\"https:\/\/marollarbres.org\/wp-content\/uploads\/2024\/10\/2024-02-29-reupubliquepadd.pdf\">2024-02-29-reupubliquepadd<\/a><\/p>\n<h2><span class=\"fontstyle0\">Projet d\u2019am\u00e9nagement et de d\u00e9veloppement durables 30\/2\/2024<\/span><\/h2>\n<p><a href=\"https:\/\/marollarbres.org\/wp-content\/uploads\/2024\/10\/padd-suite-debat-en-conseil-municipal-28-03-2024.pdf\">padd-suite-debat-en-conseil-municipal-28-03-2024<\/a><\/p>\n\n\n<p><\/p>\n","protected":false},"excerpt":{"rendered":"<p>Dossier approuv\u00e9 en Conseil Municipal du 4 Juillet 2013 Rapport de pr\u00e9sentation :1-rp-partie1 \u00c9tat initial de l\u2019environnement :1-rp-partie2 Justification des [&hellip;]<\/p>\n","protected":false},"author":1,"featured_media":0,"parent":0,"menu_order":0,"comment_status":"closed","ping_status":"closed","template":"","meta":{"footnotes":""},"class_list":["post-195","page","type-page","status-publish","hentry"],"_links":{"self":[{"href":"https:\/\/marollarbres.org\/index.php\/wp-json\/wp\/v2\/pages\/195","targetHints":{"allow":["GET"]}}],"collection":[{"href":"https:\/\/marollarbres.org\/index.php\/wp-json\/wp\/v2\/pages"}],"about":[{"href":"https:\/\/marollarbres.org\/index.php\/wp-json\/wp\/v2\/types\/page"}],"author":[{"embeddable":true,"href":"https:\/\/marollarbres.org\/index.php\/wp-json\/wp\/v2\/users\/1"}],"replies":[{"embeddable":true,"href":"https:\/\/marollarbres.org\/index.php\/wp-json\/wp\/v2\/comments?post=195"}],"version-history":[{"count":6,"href":"https:\/\/marollarbres.org\/index.php\/wp-json\/wp\/v2\/pages\/195\/revisions"}],"predecessor-version":[{"id":424,"href":"https:\/\/marollarbres.org\/index.php\/wp-json\/wp\/v2\/pages\/195\/revisions\/424"}],"wp:attachment":[{"href":"https:\/\/marollarbres.org\/index.php\/wp-json\/wp\/v2\/media?parent=195"}],"curies":[{"name":"wp","href":"https:\/\/api.w.org\/{rel}","templated":true}]}}