{"id":239,"date":"2024-10-13T11:41:09","date_gmt":"2024-10-13T11:41:09","guid":{"rendered":"https:\/\/marollarbres.org\/?page_id=239"},"modified":"2024-10-13T11:55:38","modified_gmt":"2024-10-13T11:55:38","slug":"les-livres","status":"publish","type":"page","link":"https:\/\/marollarbres.org\/index.php\/les-livres\/","title":{"rendered":"Les livres"},"content":{"rendered":"\n<p><img decoding=\"async\" class=\"wp-image-229 lazyload\" data-src=\"https:\/\/marollarbres.org\/wp-content\/uploads\/2024\/10\/LA-VIE-SECRETE-DES-ARBRES-P2603cor1-672x1024.jpg\" alt=\"LA-VIE-SECRETE-DES-ARBRES\" width=\"174\" height=\"265\" data-srcset=\"https:\/\/marollarbres.org\/wp-content\/uploads\/2024\/10\/LA-VIE-SECRETE-DES-ARBRES-P2603cor1-672x1024.jpg 672w, https:\/\/marollarbres.org\/wp-content\/uploads\/2024\/10\/LA-VIE-SECRETE-DES-ARBRES-P2603cor1-197x300.jpg 197w, https:\/\/marollarbres.org\/wp-content\/uploads\/2024\/10\/LA-VIE-SECRETE-DES-ARBRES-P2603cor1-768x1171.jpg 768w, https:\/\/marollarbres.org\/wp-content\/uploads\/2024\/10\/LA-VIE-SECRETE-DES-ARBRES-P2603cor1-1008x1536.jpg 1008w, https:\/\/marollarbres.org\/wp-content\/uploads\/2024\/10\/LA-VIE-SECRETE-DES-ARBRES-P2603cor1-1343x2048.jpg 1343w, https:\/\/marollarbres.org\/wp-content\/uploads\/2024\/10\/LA-VIE-SECRETE-DES-ARBRES-P2603cor1-scaled.jpg 1679w\" data-sizes=\"(max-width: 174px) 100vw, 174px\" src=\"data:image\/gif;base64,R0lGODlhAQABAAAAACH5BAEKAAEALAAAAAABAAEAAAICTAEAOw==\" style=\"--smush-placeholder-width: 174px; --smush-placeholder-aspect-ratio: 174\/265;\" \/> <br>La vie secr\u00e8te des arbres par Peter Wohlleben, apr\u00e8s cette lecture vous ne regarderez plus les arbres de la m\u00eame mani\u00e8re.<\/p>\n\n\n\n<p><a href=\"https:\/\/www.gibert.com\/la-vie-secrete-des-arbres-13127480.html\">https:\/\/www.gibert.com\/la-vie-secrete-des-arbres-13127480.html<\/a><\/p>\n\n\n\n<p><a href=\"https:\/\/www.fnac.com\/a10130461\/Peter-Wohlleben-La-Vie-secrete-des-arbres\">https:\/\/www.fnac.com\/a10130461\/Peter-Wohlleben-La-Vie-secrete-des-arbres<\/a><\/p>\n\n\n\n<p><\/p>\n","protected":false},"excerpt":{"rendered":"<p>La vie secr\u00e8te des arbres par Peter Wohlleben, apr\u00e8s cette lecture vous ne regarderez plus les arbres de la m\u00eame [&hellip;]<\/p>\n","protected":false},"author":1,"featured_media":0,"parent":0,"menu_order":0,"comment_status":"closed","ping_status":"closed","template":"","meta":{"footnotes":""},"class_list":["post-239","page","type-page","status-publish","hentry"],"_links":{"self":[{"href":"https:\/\/marollarbres.org\/index.php\/wp-json\/wp\/v2\/pages\/239","targetHints":{"allow":["GET"]}}],"collection":[{"href":"https:\/\/marollarbres.org\/index.php\/wp-json\/wp\/v2\/pages"}],"about":[{"href":"https:\/\/marollarbres.org\/index.php\/wp-json\/wp\/v2\/types\/page"}],"author":[{"embeddable":true,"href":"https:\/\/marollarbres.org\/index.php\/wp-json\/wp\/v2\/users\/1"}],"replies":[{"embeddable":true,"href":"https:\/\/marollarbres.org\/index.php\/wp-json\/wp\/v2\/comments?post=239"}],"version-history":[{"count":3,"href":"https:\/\/marollarbres.org\/index.php\/wp-json\/wp\/v2\/pages\/239\/revisions"}],"predecessor-version":[{"id":250,"href":"https:\/\/marollarbres.org\/index.php\/wp-json\/wp\/v2\/pages\/239\/revisions\/250"}],"wp:attachment":[{"href":"https:\/\/marollarbres.org\/index.php\/wp-json\/wp\/v2\/media?parent=239"}],"curies":[{"name":"wp","href":"https:\/\/api.w.org\/{rel}","templated":true}]}}

<p><img decoding="async" class="wp-image-229 lazyload" data-src="https://marollarbres.org/wp-content/uploads/2024/10/LA-VIE-SECRETE-DES-ARBRES-P2603cor1-672x1024.jpg" alt="LA-VIE-SECRETE-DES-ARBRES" width="174" height="265" data-srcset="https://marollarbres.org/wp-content/uploads/2024/10/LA-VIE-SECRETE-DES-ARBRES-P2603cor1-672x1024.jpg 672w, https://marollarbres.org/wp-content/uploads/2024/10/LA-VIE-SECRETE-DES-ARBRES-P2603cor1-197x300.jpg 197w, https://marollarbres.org/wp-content/uploads/2024/10/LA-VIE-SECRETE-DES-ARBRES-P2603cor1-768x1171.jpg 768w, https://marollarbres.org/wp-content/uploads/2024/10/LA-VIE-SECRETE-DES-ARBRES-P2603cor1-1008x1536.jpg 1008w, https://marollarbres.org/wp-content/uploads/2024/10/LA-VIE-SECRETE-DES-ARBRES-P2603cor1-1343x2048.jpg 1343w, https://marollarbres.org/wp-content/uploads/2024/10/LA-VIE-SECRETE-DES-ARBRES-P2603cor1-scaled.jpg 1679w" data-sizes="(max-width: 174px) 100vw, 174px" src="data:image/gif;base64,R0lGODlhAQABAAAAACH5BAEKAAEALAAAAAABAAEAAAICTAEAOw==" style="--smush-placeholder-width: 174px; --smush-placeholder-aspect-ratio: 174/265;" /> <br>La vie secrète des arbres par Peter Wohlleben, après cette lecture vous ne regarderez plus les arbres de la même manière.</p>



<p><a href="https://www.gibert.com/la-vie-secrete-des-arbres-13127480.html">https://www.gibert.com/la-vie-secrete-des-arbres-13127480.html</a></p>



<p><a href="https://www.fnac.com/a10130461/Peter-Wohlleben-La-Vie-secrete-des-arbres">https://www.fnac.com/a10130461/Peter-Wohlleben-La-Vie-secrete-des-arbres</a></p>



<p></p>

<p>La vie secrète des arbres par Peter Wohlleben, après cette lecture vous ne regarderez plus les arbres de la même [&hellip;]</p>
