{"id":508,"date":"2025-02-13T15:21:30","date_gmt":"2025-02-13T15:21:30","guid":{"rendered":"https:\/\/marollarbres.org\/?page_id=508"},"modified":"2025-07-26T14:44:11","modified_gmt":"2025-07-26T14:44:11","slug":"lettres-informations","status":"publish","type":"page","link":"https:\/\/marollarbres.org\/index.php\/lettres-informations\/","title":{"rendered":"Lettre d&rsquo;Informations"},"content":{"rendered":"<h3>Le No1 de MarollArbres<\/h3>\n<h4><a href=\"https:\/\/marollarbres.org\/wp-content\/uploads\/2025\/02\/Lettre_Info_02_2025.pdf\">T\u00e9l\u00e9chargez la lettre d&rsquo;Informations No1 de f\u00e9vrier 2025<\/a><\/h4>\n<p><h4><a href=\"https:\/\/marollarbres.org\/wp-content\/uploads\/2025\/07\/Lettre-Info2.pdf\" data-wplink-edit=\"true\">T\u00e9l\u00e9chargez la lettre d&rsquo;Informations No2 de juillet 2025<\/a><\/h4><\/p>\n<p>&#8211;<\/p>\n\n\n<p><\/p>\n\n\n\n<p><\/p>\n","protected":false},"excerpt":{"rendered":"<p>Le No1 de MarollArbres T\u00e9l\u00e9chargez la lettre d&rsquo;Informations No1 de f\u00e9vrier 2025 T\u00e9l\u00e9chargez la lettre d&rsquo;Informations No2 de juillet 2025 [&hellip;]<\/p>\n","protected":false},"author":1,"featured_media":0,"parent":0,"menu_order":0,"comment_status":"closed","ping_status":"closed","template":"","meta":{"footnotes":""},"class_list":["post-508","page","type-page","status-publish","hentry"],"_links":{"self":[{"href":"https:\/\/marollarbres.org\/index.php\/wp-json\/wp\/v2\/pages\/508","targetHints":{"allow":["GET"]}}],"collection":[{"href":"https:\/\/marollarbres.org\/index.php\/wp-json\/wp\/v2\/pages"}],"about":[{"href":"https:\/\/marollarbres.org\/index.php\/wp-json\/wp\/v2\/types\/page"}],"author":[{"embeddable":true,"href":"https:\/\/marollarbres.org\/index.php\/wp-json\/wp\/v2\/users\/1"}],"replies":[{"embeddable":true,"href":"https:\/\/marollarbres.org\/index.php\/wp-json\/wp\/v2\/comments?post=508"}],"version-history":[{"count":12,"href":"https:\/\/marollarbres.org\/index.php\/wp-json\/wp\/v2\/pages\/508\/revisions"}],"predecessor-version":[{"id":550,"href":"https:\/\/marollarbres.org\/index.php\/wp-json\/wp\/v2\/pages\/508\/revisions\/550"}],"wp:attachment":[{"href":"https:\/\/marollarbres.org\/index.php\/wp-json\/wp\/v2\/media?parent=508"}],"curies":[{"name":"wp","href":"https:\/\/api.w.org\/{rel}","templated":true}]}}