{"id":519,"date":"2025-02-15T14:45:57","date_gmt":"2025-02-15T14:45:57","guid":{"rendered":"https:\/\/marollarbres.org\/?page_id=519"},"modified":"2025-02-15T14:45:57","modified_gmt":"2025-02-15T14:45:57","slug":"autorisation-abattage-ddt","status":"publish","type":"page","link":"https:\/\/marollarbres.org\/index.php\/autorisation-abattage-ddt\/","title":{"rendered":"Autorisation abattage DDT"},"content":{"rendered":"<h4>T\u00e9l\u00e9chargez l&rsquo;autorisation d&rsquo;abattage de 13 platanes centenaires avenue Charles de Gaulle \u00e0 Marolles-en-Hurepoix<\/h4>\n<p><a href=\"https:\/\/marollarbres.org\/wp-content\/uploads\/2025\/02\/Avis-Prefecture-abattage.pdf\">Avis favorable d&rsquo;abattage donn\u00e9 par la pr\u00e9fecture (DDT)<\/a><\/p>\n<p>&nbsp;<\/p>\n<p>&nbsp;<\/p>\n<p>&#8211;<\/p>\n","protected":false},"excerpt":{"rendered":"<p>T\u00e9l\u00e9chargez l&rsquo;autorisation d&rsquo;abattage de 13 platanes centenaires avenue Charles de Gaulle \u00e0 Marolles-en-Hurepoix Avis favorable d&rsquo;abattage donn\u00e9 par la pr\u00e9fecture [&hellip;]<\/p>\n","protected":false},"author":1,"featured_media":0,"parent":0,"menu_order":0,"comment_status":"closed","ping_status":"closed","template":"","meta":{"footnotes":""},"class_list":["post-519","page","type-page","status-publish","hentry"],"_links":{"self":[{"href":"https:\/\/marollarbres.org\/index.php\/wp-json\/wp\/v2\/pages\/519","targetHints":{"allow":["GET"]}}],"collection":[{"href":"https:\/\/marollarbres.org\/index.php\/wp-json\/wp\/v2\/pages"}],"about":[{"href":"https:\/\/marollarbres.org\/index.php\/wp-json\/wp\/v2\/types\/page"}],"author":[{"embeddable":true,"href":"https:\/\/marollarbres.org\/index.php\/wp-json\/wp\/v2\/users\/1"}],"replies":[{"embeddable":true,"href":"https:\/\/marollarbres.org\/index.php\/wp-json\/wp\/v2\/comments?post=519"}],"version-history":[{"count":2,"href":"https:\/\/marollarbres.org\/index.php\/wp-json\/wp\/v2\/pages\/519\/revisions"}],"predecessor-version":[{"id":531,"href":"https:\/\/marollarbres.org\/index.php\/wp-json\/wp\/v2\/pages\/519\/revisions\/531"}],"wp:attachment":[{"href":"https:\/\/marollarbres.org\/index.php\/wp-json\/wp\/v2\/media?parent=519"}],"curies":[{"name":"wp","href":"https:\/\/api.w.org\/{rel}","templated":true}]}}